tens digit of r(2)?
4
Let t(u) = -u - 1. Let p(i) = -i**2 - 6. Let w be p(0). Let y be t(w). Suppose -9 = y*m - 69. What is the units digit of m?
2
Let a(q) = -q**2 + 6*q - 3. Let v be a(5). Suppose v = f - 8. What is the tens digit of f?
1
Let x(f) = f**2 + 4. Let s(j) = j - 1. Let a(h) = 3*s(h) + x(h). What is the units digit of a(-5)?
1
Suppose -5 - 5 = -2*m. Let v = m + -3. Suppose h + 24 = -5*d, 6*d + 23 = 3*h + v*d. What is the units digit of h?
1
Suppose 0 = 5*c - 80 + 15. Suppose 4*v - c = -n, 4*v - n = -0*v + 3. Suppose 4*d = -4*t - 2 - v, -3*d = 4*t. What is the units digit of t?
3
Let f(d) = -10*d - 3. What is the units digit of f(-4)?
7
Let y = 83 + -53. What is the tens digit of y?
3
Suppose 2*q + 4*y = 228, 0 = -4*q + 5*y + 613 - 170. What is the hundreds digit of q?
1
Suppose -2*f = -19 - 15. What is the tens digit of f?
1
Let r be 5/((-10)/6) - -14. Suppose -s + 5*s - 11 = -c, 5*c = 2*s - r. Suppose -21 = -s*z - 0*z. What is the units digit of z?
7
Suppose 4*x - 920 = 4*r, 445 = 2*x + 4*r - 3*r. What is the hundreds digit of x?
2
Let p be (-34)/(-9) - (-8)/36. Suppose -4 = -p*l + 5*r, 2*l - 5*r - 2 = -2*r. Let m = l + 3. What is the units digit of m?
4
Let k = 71 - 51. Suppose -24 - k = -4*p. Let q = p - -7. What is the tens digit of q?
1
Let t(z) = -z**3 + 4*z**2 - 3*z. Let p be t(3). Suppose -2*c = -p*c + 4. Let u = 9 - c. What is the tens digit of u?
1
Let i(p) = 20*p**2 - p - 1. What is the units digit of i(-1)?
0
Suppose 11*l = 10*l + 2. Suppose 0*z + 4*z - 8 = -4*u, 4*u + 2*z - 14 = 0. Suppose 5*i = l*f + 57, 5*i - 59 = 2*i - u*f. What is the tens digit of i?
1
Let o(w) = -w**2 - 9*w - 3. Let p be (12/(-15))/((-1)/(-10)). Let a = p + 0. What is the units digit of o(a)?
5
Let i(b) = -6*b - 3. Let l(q) = 1. Let x(m) = 7*m - 4. Let h(k) = -6*l(k) - x(k). Let g(c) = -3*h(c) + 4*i(c). What is the units digit of g(-4)?
6
What is the units digit of (20/18)/5 + 7609/63?
1
Let z be 6/(-12) - 5/2. Let r = z + 14. What is the tens digit of r?
1
Let w(d) = -3 + 3 - 4 + 2*d. Let r = 12 - 7. What is the units digit of w(r)?
6
What is the units digit of 337/(-2 - -4 - 1) + 4?
1
Suppose 0 = -9*x + 5*x + 160. What is the units digit of x?
0
Let n(j) = j**3 - 5*j**2 + 6*j - 1. Let y be n(3). Let s = -1 + 1. What is the units digit of 8 + s/(0 - y)?
8
Suppose -2*u = 2*q - 5*q + 349, -2*q + 2*u = -234. Let o = -63 + q. Suppose 3*w = 3*c - 18, -4*c + 2*w = 5*w - o. What is the units digit of c?
0
Suppose 2*p + 21 = 3*p. Suppose 0 = -y + 5*k + 10 + p, y - 4*k = 28. What is the tens digit of y?
1
Let c = 216 - 51. What is the hundreds digit of c?
1
Suppose -3*x - 3*i + 15 = -2*i, 3*x - 30 = 4*i. What is the units digit of x?
6
Let t(m) = m - 2. Let a be t(4). What is the tens digit of 0 - a/3*-15?
1
Suppose -3*j + 3*d = -177, 3*j + 0*j - 193 = -d. Suppose 2*q = 3*o + 23, 2*q + 0*q + 5*o = j. What is the tens digit of q?
1
Suppose -4*g + 5*g - 95 = 3*j, -4*g - 130 = 5*j. What is the units digit of 1/(-6) + (-125)/j?
4
Let z be (6/(-5))/((-8)/60). Suppose -z + 3 = 3*t, -5*c - 2*t + 91 = 0. What is the tens digit of c?
1
Let y(v) = v + 1. Let q be y(3). Suppose 4 = -3*m - 2*o - 8, q*o - 4 = m. Let w = m + 18. What is the tens digit of w?
1
Suppose 0 = 2*a + 4 + 4. Let x = a - -5. What is the units digit of x?
1
Let g = 9 - 5. Let h be (-1)/g + 15/12. What is the units digit of h/((-18)/10 - -2)?
5
Suppose -d + 9 = 1. What is the units digit of d?
8
Suppose 1 + 5 = 2*h. Suppose -64 = -s - h*s - 4*d, -2*d = s - 17. What is the tens digit of s?
1
Suppose -5 = -2*s + 3. Suppose 0 = -5*g - 2*t + 75, -s*g = -0*g + t - 63. What is the tens digit of g?
1
Suppose 3*o + 48 = u - 7, u - 61 = 5*o. What is the tens digit of u?
4
Suppose -3*i = 10 + 2. Let n = i - -15. What is the units digit of n?
1
Let a(z) = z + 11. Let s(p) = 2*p + 2. Let x be s(10). Suppose 0 = -5*d - x - 3. What is the units digit of a(d)?
6
Let u(n) = n + 1. Let a be u(0). What is the units digit of (-2)/a + (0 - -6)?
4
What is the units digit of (1 - -23)*(40/12 - 3)?
8
What is the units digit of (2 + -2 - -13)*1?
3
Let a = 366 - 209. What is the hundreds digit of a?
1
Suppose 0 = 3*m - q - 75, 60 = 3*m + 2*q + 2*q. Suppose 3*k + k - m = 0. Let l(n) = n**3 - 7*n**2 + 6*n + 5. What is the units digit of l(k)?
5
Suppose -80 = -z - g + 23, z - g - 93 = 0. What is the tens digit of z?
9
Suppose 5*v - 3*u - 8 = 0, 4*v - 4*u + 1 - 9 = 0. What is the units digit of v + -3 - (1 + -15)?
2
Suppose h + 105 = 5*z, 5*z - 5*h + 21 - 146 = 0. Suppose 3*c - 17 = 2*s, -s - z = -3*c - 4. Suppose c*f = -1 + 6. What is the units digit of f?
1
Suppose t - 3*t = -14. Suppose t*w = 4*w + 15. What is the units digit of w?
5
Let l(a) = -a. Let v be l(-5). Let o = 4 + v. What is the units digit of o?
9
Suppose 3*v - m = 46, 0*m = 2*v - 5*m - 35. Suppose 0*a = -3*a + v. What is the units digit of (-46)/(-10) - (-2)/a?
5
Suppose -3*k + r = -2*r - 246, -5*r = 0. Let j = -59 + k. What is the tens digit of j?
2
Suppose 0 = -28*g + 25*g + 528. What is the tens digit of g?
7
Let d(l) = -2*l + l - 7 + 3. What is the units digit of d(-6)?
2
Let o be ((-8)/3)/(4/(-6)). Let g = 8 - o. Suppose 5*p - 9 = g*p. What is the units digit of p?
9
Suppose 0 = -5*j + h - 83, 0 = -5*j - 3*h - 51 - 20. Suppose 0 = -3*v + v + 10. What is the units digit of j/(-3) + v/(-15)?
5
Let b(y) = y**2 + 1. Let u(h) = -8*h**2 + h - 3. Let n(s) = -2*b(s) - u(s). What is the units digit of n(1)?
6
Let j = -10 + 6. Let r = 2 - j. What is the units digit of (-4)/((-4)/r*3)?
2
Let u = -6 - -2. Let f be (12/9)/(u/(-6)). Suppose f*b = -2*b + 8. What is the units digit of b?
2
Let d be -4 + -2 + (-3)/(-1). What is the tens digit of (-29 + -4)*d/9?
1
Let k = 5 - 10. Let g(c) = -c**3 - 5*c**2 - c. What is the units digit of g(k)?
5
Let i(m) = -m + 4. What is the tens digit of i(-10)?
1
Let d = 9 + -3. What is the units digit of d/4*(-12)/(-9)?
2
Let w(l) = 14*l - 5. What is the units digit of w(3)?
7
Let x(a) = -2*a + 2*a**3 - 4 - a**3 - 3*a**2 + 3*a**2 - 4*a**2. What is the tens digit of x(5)?
1
What is the hundreds digit of ((-2)/(-4))/(1 - (-773)/(-774))?
3
What is the tens digit of 2 - (2 + -3)*343?
4
Let o(c) = -c - 7. Let m be o(-3). What is the units digit of 1 + 9/((-4)/m)?
0
Let o = -7 + 11. Suppose -y - q + 69 = 3*y, o*y + 5*q = 73. Suppose 3*a = 5*j - y + 83, 2*a = j + 37. What is the units digit of a?
7
Let f(c) = c + 10. Let i be f(-7). Suppose b - 15 = -2*m, i*m = 2*b + 6 - 15. What is the units digit of b?
9
Let m(j) = -j + 1. Let b(k) = -1. Let s(z) = 5*b(z) + 2*m(z). What is the units digit of s(-5)?
7
Suppose -3*m + 202 + 407 = 0. Suppose 0 = -5*a + 7 + m. What is the tens digit of a?
4
What is the tens digit of (-207)/6*(-6)/9?
2
Let m = 62 - 16. What is the tens digit of m?
4
What is the units digit of 884/7 - (-3 + (-92)/(-28))?
6
Let j = 13 - 10. Suppose -g = j*g + 2*l - 106, -4*l = -3*g + 63. What is the units digit of g?
5
Suppose 0*n + n - 5*d = 53, 2*d - 39 = -n. What is the tens digit of n?
4
Suppose 38 = -2*f - 3*s, 0 = -f + 2*s + 3 - 15. Let w = f - -34. What is the tens digit of w?
1
Let z(u) = u**3 - 5*u**2 - 6*u + 3. Let v = 16 - 10. What is the units digit of z(v)?
3
What is the tens digit of (-5*7)/(-4 - -3)?
3
What is the units digit of 8679/55 + (-2)/(-10) + -1?
7
Suppose w - t = -2*w - 107, -5*t + 54 = -2*w. Let a = -21 - w. What is the tens digit of a?
1
Let b be (-2)/(2/(-3)) - -172. Suppose 4*t = -t + b. What is the units digit of t?
5
Suppose 0 = -3*i + f + 26, 4*i = 5*f - f + 48. What is the units digit of i?
7
Suppose 15 = r + 3*c - 3, c = 3*r - 64. What is the tens digit of r?
2
Suppose 4*o - 9*o + 15 = 0. Suppose -9 = -o*l + 30. Suppose -5*m + l + 27 = 0. What is the units digit of m?
8
What is the units digit of (63 + -5)/(0 - -2)?
9
Let h be (-120)/(-25)*(-10)/(-3). Let k = h - 11. Suppose -k*n = -10 - 5. What is the units digit of n?
3
Let l be 3 - (17 - (-2 - 0)). Let o be (136/l)/((-1)/(-6)). What is the tens digit of (-3)/(-12) - o/4?
1
Let s = -498 - -819. What is the units digit of s?
1
Let s(q) = -4*q + 1. Suppose 3*k = 3*t + 12, -2*k + 3*t = 2*k - 11. Let u be s(k). Suppose -3*c + 2 = 5*x + c, -4*c = -u*x + 18. What is the units digit of x?
2
Let f(k) = -k**2 + 1. Let o be f(1). Suppose o = -4*v -